{"id":5,"date":"2014-09-10T13:20:52","date_gmt":"2014-09-10T13:20:52","guid":{"rendered":"http:\/\/milchbutterkaese.de\/?page_id=5"},"modified":"2018-05-31T18:24:40","modified_gmt":"2018-05-31T18:24:40","slug":"about","status":"publish","type":"page","link":"https:\/\/milchbutterkaese.de\/?page_id=5","title":{"rendered":"about"},"content":{"rendered":"<p><a href=\"https:\/\/i2.wp.com\/milchbutterkaese.de\/wp-content\/uploads\/2014\/09\/DSC_0033-ganz-klein.jpg?ssl=1\"><img data-attachment-id=\"6\" data-permalink=\"https:\/\/milchbutterkaese.de\/?attachment_id=6\" data-orig-file=\"https:\/\/i2.wp.com\/milchbutterkaese.de\/wp-content\/uploads\/2014\/09\/DSC_0033-ganz-klein.jpg?fit=150%2C117&amp;ssl=1\" data-orig-size=\"150,117\" data-comments-opened=\"1\" data-image-meta=\"{&quot;aperture&quot;:&quot;1.8&quot;,&quot;credit&quot;:&quot;&quot;,&quot;camera&quot;:&quot;NIKON D5100&quot;,&quot;caption&quot;:&quot;&quot;,&quot;created_timestamp&quot;:&quot;1376732535&quot;,&quot;copyright&quot;:&quot;&quot;,&quot;focal_length&quot;:&quot;50&quot;,&quot;iso&quot;:&quot;100&quot;,&quot;shutter_speed&quot;:&quot;0.04&quot;,&quot;title&quot;:&quot;&quot;,&quot;orientation&quot;:&quot;1&quot;}\" data-image-title=\"DSC_0033-ganz-klein\" data-image-description=\"\" data-medium-file=\"https:\/\/i2.wp.com\/milchbutterkaese.de\/wp-content\/uploads\/2014\/09\/DSC_0033-ganz-klein.jpg?fit=150%2C117&amp;ssl=1\" data-large-file=\"https:\/\/i2.wp.com\/milchbutterkaese.de\/wp-content\/uploads\/2014\/09\/DSC_0033-ganz-klein.jpg?fit=150%2C117&amp;ssl=1\" loading=\"lazy\" class=\"alignnone size-full wp-image-6\" src=\"https:\/\/i2.wp.com\/milchbutterkaese.de\/wp-content\/uploads\/2014\/09\/DSC_0033-ganz-klein.jpg?resize=150%2C117&#038;ssl=1\" alt=\"DSC_0033-ganz-klein\" width=\"150\" height=\"117\" data-recalc-dims=\"1\" \/><\/a><\/p>\n<p>Das bin ich. That&#8217;s me. C&#8217;est moi.<\/p>\n<div class=\"two-columns-one\">\nWillkommen bei Milchbutterk\u00e4se! Mein Name ist Sabine und ich bin gerade dabei, meinen Wohnort von Stuttgart zur\u00fcck nach Lindau zu verlegen. Da bin ich aufgewachsen, da ist es sch\u00f6n und da wohnt vor allen Dingen mein Ehemann. Nach f\u00fcnf Jahren Fernbeziehung haben wir beschlossen, diesem Zustand ein Ende zu setzen. Dem \u00bbFern\u00ab, nicht der Beziehung nat\u00fcrlich!<\/p>\n<p>Im Moment bin ich ein Wanderer zwischen den Welten. In n\u00e4chster Zeit wird es viel zum Entr\u00fcmpeln und Versch\u00f6nern geben. Seid dabei wenn Ihr m\u00f6gt!<\/p>\n<p>Au\u00dferdem mache ich Dinge gerne selbst. Stricken, N\u00e4hen, Sachenmachen aus Papier und Backen sind meine Lieblingst\u00e4tigkeiten. In Lindau wartet auch ein gro\u00dfer Garten auf mich. Ein ganz neues Bet\u00e4tigungsfeld, vor dem ich etwas Respekt habe. (Meine Zimmerpflanzen bekommen Panik bei diesem Gedanken.)<\/p>\n<p>Wohin sich dieser Blog genau entwickelt&nbsp;\u2014 da lasse ich mich selbst \u00fcberraschen. Ich freue mich, wenn ihr ab und zu vorbeischaut!<\/p>\n<p>Herzliche Gr\u00fc\u00dfe, Sabine<\/p>\n<p>was dann geschah:<\/p>\n<p>Mittlerweile bin ich wieder voll und ganz in meiner alten Heimat angekommen. Mit dem Renovieren kommen wir nicht so schnell voran wie wir uns das vorgestellt haben. Hier sieht es fast noch so aus wie vor vier Jahren. Das liegt daran, dass uns das Leben dazwischen gekommen ist. Dinge, die wir gar nicht auf dem Plan hatten.<\/p>\n<p>Herr K. hat jetzt seine eigene Schreinerei und ist 2. Vorsitzender im Zeughausverein Lindau. Im Dezember 2015 haben wir zusammen mit 8 anderen Kunsthandwerkern einen wundersch\u00f6nen kleinen Laden er\u00f6ffnet. <a href=\"https:\/\/diehandlung.com\/\" rel=\"noopener\" target=\"_blank\">Die Handlung.<\/a> Ich habe eine Stelle in meinem alten Beruf als Bekleidungsingenieurin gefunden. Und trotzdem habe ich die M\u00f6glichkeit jetzt dann schon in der dritten Saison bei den Bregenzer Festspielen zu arbeiten.<\/p>\n<p>Meine Tage sind also ganz sch\u00f6n vielf\u00e4ltig und abwechslungsreich, und daf\u00fcr bin ich sehr, sehr dankbar.<\/p>\n<\/div>\n<div class=\"two-columns-one last\">\n<address>Welcome to Milchbutterk\u00e4se (milkbuttercheese in english)! My name is Sabine and I&#8217;m about to move from Stuttgart back to my hometown Lindau near Lake Constance in the very south of Germany. That&#8217;s where I grew up, where it is very beautiful and where my husband lives in the first place. After five years of long-distance relationship we decided to end this state. The distance, not the relationship obviously!<\/address>\n<address>Currently I&#8217;m a wanderer between worlds. There is a lot of decluttering and improvement to be done. Join me, if you like!<\/address>\n<address>Besides, I like to make things myself. Knitting, sewing, making things from paper and baking are my favorite things to do. In Lindau there is also a big garden waiting for me. A whole new area, of which I admit I have no clue and some respect. (My indoor plants are panicking at this thought.)<\/address>\n<address>I let surprise myself where this blog is going to develop. I&#8217;m happy if you drop in from time to time!<\/address>\n<address>Kind regards, Sabine<\/address>\n<address>What happend next:<\/address>\n<address>In the meantime I have arrived completely in Lindau. The improvement of our home didn&#8217;t go as fast as we had imagined. It looks pretty much the same as it did four years ago. Well, not exactly, but we are doing baby steps here. The reason why: life happend to us. Some things we didn&#8217;t expect at all. Mr. K.&nbsp;is now selfemployed. I found a job in my former profession as a clothing engineer. Together with 8 other crafts and arts people we opend a lovely little shop: <a href=\"https:\/\/diehandlung.com\/\" rel=\"noopener\" target=\"_blank\">Die Handlung.<\/a> (&#8222;Handlung&#8220; has different meanings: It&#8217;s a shop, but is can also be a plot or an action. And it also has the word &#8222;hand&#8220; in it. And that&#8217;s what we do: Making things by our hands.)<br \/>\nAnd in addition to my regular job I have the opportunity to work for the opera festival in Bregenz in summer. <\/p>\n<p>My days are full and diversified, and I am very, very grateful for it.<br \/>\n<\/div><div class=\"divider\"><\/div><\/p>\n<\/address>\n","protected":false},"excerpt":{"rendered":"<p>Das bin ich. That&#8217;s me. C&#8217;est moi.<\/p>\n","protected":false},"author":1,"featured_media":0,"parent":0,"menu_order":0,"comment_status":"closed","ping_status":"closed","template":"","meta":{"spay_email":""},"jetpack_sharing_enabled":false,"jetpack_shortlink":"https:\/\/wp.me\/P52Ah6-5","_links":{"self":[{"href":"https:\/\/milchbutterkaese.de\/index.php?rest_route=\/wp\/v2\/pages\/5"}],"collection":[{"href":"https:\/\/milchbutterkaese.de\/index.php?rest_route=\/wp\/v2\/pages"}],"about":[{"href":"https:\/\/milchbutterkaese.de\/index.php?rest_route=\/wp\/v2\/types\/page"}],"author":[{"embeddable":true,"href":"https:\/\/milchbutterkaese.de\/index.php?rest_route=\/wp\/v2\/users\/1"}],"replies":[{"embeddable":true,"href":"https:\/\/milchbutterkaese.de\/index.php?rest_route=%2Fwp%2Fv2%2Fcomments&post=5"}],"version-history":[{"count":3,"href":"https:\/\/milchbutterkaese.de\/index.php?rest_route=\/wp\/v2\/pages\/5\/revisions"}],"predecessor-version":[{"id":1304,"href":"https:\/\/milchbutterkaese.de\/index.php?rest_route=\/wp\/v2\/pages\/5\/revisions\/1304"}],"wp:attachment":[{"href":"https:\/\/milchbutterkaese.de\/index.php?rest_route=%2Fwp%2Fv2%2Fmedia&parent=5"}],"curies":[{"name":"wp","href":"https:\/\/api.w.org\/{rel}","templated":true}]}}